4?
2761
Calculate the remainder when 7294135 is divided by 1102.
1099
Calculate the remainder when 151673 is divided by 5833.
15
Calculate the remainder when 12306597 is divided by 900.
897
Calculate the remainder when 974972 is divided by 108328.
20
Calculate the remainder when 43267383 is divided by 1255.
3
Calculate the remainder when 3695831 is divided by 369560.
231
Calculate the remainder when 3971740 is divided by 173.
6
What is the remainder when 20032 is divided by 18724?
1308
Calculate the remainder when 53055842 is divided by 2210659.
26
What is the remainder when 98751 is divided by 98410?
341
What is the remainder when 65226011 is divided by 228?
227
Calculate the remainder when 463960 is divided by 463358.
602
What is the remainder when 8204197 is divided by 38699?
9
What is the remainder when 3862868 is divided by 33?
20
Calculate the remainder when 109775 is divided by 26612.
3327
Calculate the remainder when 7631251 is divided by 5542.
5459
What is the remainder when 68598865 is divided by 2186?
2185
Calculate the remainder when 216484 is divided by 426.
76
What is the remainder when 171212 is divided by 24453?
41
Calculate the remainder when 1918756 is divided by 35532.
28
What is the remainder when 3497829 is divided by 606?
603
What is the remainder when 29249 is divided by 2735?
1899
What is the remainder when 164451 is divided by 15890?
5551
Calculate the remainder when 45474 is divided by 9044.
254
Calculate the remainder when 25377654 is divided by 20.
14
What is the remainder when 85510388 is divided by 674?
8
What is the remainder when 126082 is divided by 31283?
950
What is the remainder when 13794287 is divided by 63?
59
What is the remainder when 1107087 is divided by 738?
87
Calculate the remainder when 1271577 is divided by 77.
76
What is the remainder when 1118733 is divided by 4?
1
What is the remainder when 28524 is divided by 308?
188
Calculate the remainder when 81231 is divided by 2030.
31
What is the remainder when 2311283 is divided by 38?
9
Calculate the remainder when 79348939 is divided by 1841.
1839
What is the remainder when 917218 is divided by 18338?
318
Calculate the remainder when 9718302 is divided by 3239428.
18
Calculate the remainder when 536805 is divided by 178006.
2787
What is the remainder when 323830960 is divided by 2670?
10
Calculate the remainder when 18082 is divided by 16107.
1975
Calculate the remainder when 19409850 is divided by 9704896.
58
What is the remainder when 1961256 is divided by 3876?
0
What is the remainder when 97186 is divided by 16015?
1096
What is the remainder when 1116390350 is divided by 3472?
3470
Calculate the remainder when 338258 is divided by 454.
28
Calculate the remainder when 549423942 is divided by 82.
80
What is the remainder when 25493648 is divided by 12?
8
Calculate the remainder when 246768869 is divided by 14.
11
Calculate the remainder when 939464 is divided by 6572.
6240
Calculate the remainder when 494 is divided by 316.
178
Calculate the remainder when 54119 is divided by 131.
16
Calculate the remainder when 28999578 is divided by 5245.
5218
What is the remainder when 17370137 is divided by 5162?
7
What is the remainder when 6043441 is divided by 6043426?
15
Calculate the remainder when 15757640 is divided by 126061.
15
What is the remainder when 4953763 is divided by 1780?
23
What is the remainder when 857088203 is divided by 12?
11
What is the remainder when 514202 is divided by 73439?
129
What is the remainder when 275765 is divided by 132504?
10757
Calculate the remainder when 2196961 is divided by 30.
1
What is the remainder when 128451153 is divided by 474?
471
What is the remainder when 126995 is divided by 599?
7
Calculate the remainder when 5014184 is divided by 114.
8
What is the remainder when 8739692 is divided by 697?
9
What is the remainder when 1020001 is divided by 98?
17
What is the remainder when 76297 is divided by 879?
703
What is the remainder when 74593772 is divided by 9?
8
Calculate the remainder when 26944863 is divided by 8981614.
21
Calculate the remainder when 12254999 is divided by 64161.
248
What is the remainder when 156261 is divided by 10259?
2376
Calculate the remainder when 44769539 is divided by 60.
59
Calculate the remainder when 63323 is divided by 54428.
8895
What is the remainder when 48083 is divided by 47696?
387
What is the remainder when 405098755 is divided by 10?
5
What is the remainder when 77039 is divided by 19207?
211
What is the remainder when 114030149 is divided by 629?
626
Calculate the remainder when 8572713 is divided by 2143175.
13
Calculate the remainder when 3612237952 is divided by 155.
152
What is the remainder when 72878 is divided by 14203?
1863
Calculate the remainder when 659530363 is divided by 238.
233
Calculate the remainder when 2953448 is divided by 4565.
4458
What is the remainder when 162771 is divided by 17978?
969
Calculate the remainder when 33813813 is divided by 102.
99
Calculate the remainder when 122031 is divided by 1339.
182
What is the remainder when 83858611 is divided by 46770?
1
What is the remainder when 1417473 is divided by 1508?
1461
Calculate the remainder when 19326509 is divided by 258.
245
What is the remainder when 2902237 is divided by 1557?
1546
What is the remainder when 181568 is divided by 25484?
3180
Calculate the remainder when 4609548 is divided by 1152203.
736
Calculate the remainder when 25837018 is divided by 385627.
9
What is the remainder when 13225631 is divided by 105805?
6
Calculate the remainder when 465013 is divided by 14999.
44
What is the remainder when 985973 is divided by 1258?
959
Calculate the remainder when 3547273 is divided by 354723.
43
What is the remainder when 1190298 is divided by 2470?
2228
What is the remainder when 711022 is divided by 129?
103
What is the remainder when 88113 is divided by 3661?
249
Calculate the remainder when 365518 is divided by 1934.
1926
What is the remainder when 1113294 is divided by 2811?
138
What is the remainder when 911497 is divided by 243?
4
Calculate the remainder when 1901196 is divided by 3.
0
What is the remainder when 73009549 is divided by 1672?
1669
Calculate the remainder when 190103 is divided by 6789.
11
Calculate the remainder when 377645 is divided by 62940.
5
Calculate the remainder when 135938 is divided by 45218.
284
Calculate the remainder when 470838 is divided by 28.
18
Calculate the remainder when 14555373 is divided by 48.
45
What is the remainder when 1278472 is divided by 656?
584
Calculate the remainder when 1939645 is divided by 6444.
1
What is the remainder when 151335394 is divided by 4531?
4525
What is the remainder when 6025369 is divided by 18?
13
Calculate the remainder when 26948254 is divided by 673.
661
What is the remainder when 3534912 is divided by 43?
11
Calculate the remainder when 1361482 is divided by 6274.
24
What is the remainder when 392708 is divided by 113?
33
Calculate the remainder when 40831745 is divided by 7.
3
What is the remainder when 318226 is divided by 8374?
14
What is the remainder when 47445363 is divided by 388896?
51
Calculate the remainder when 1883455 is divided by 376691.
0
Calculate the remainder when 38456 is divided by 2516.
716
What is the remainder when 14318751 is divided by 47?
13
Calculate the remainder when 73678 is divided by 6122.
214
Calculate the remainder when 3709308 is divided by 412143.
21
Calculate the remainder when 172968 is divided by 8956.
2804
Calculate the remainder when 2170935 is divided by 434166.
105
What is the remainder when 88376856 is divided by 6381?
6
Calculate the remainder when 35565 is divided by 675.
465
What is the remainder when 708507 is divided by 270?
27
What is the remainder when 778731 is divided by 172?
87
Calculate the remainder when 368674 is divided by 16026.
76
What is the remainder when 13160099 is divided by 583?
40
Calculate the remainder when 2143577 is divided by 1165.
1142
Calculate the remainder when 1017969 is divided by 193.
87
Calculate the remainder when 11389070 is divided by 177954.
14
Calculate the remainder when 560608 is divided by 8124.
52
Calculate the remainder when 1724307 is divided by 862130.
47
Calculate the remainder when 125303519 is divided by 